{"id":91,"date":"2019-03-19T09:48:29","date_gmt":"2019-03-19T09:48:29","guid":{"rendered":"https:\/\/casa-colloro.de\/?page_id=91"},"modified":"2020-11-19T09:11:47","modified_gmt":"2020-11-19T09:11:47","slug":"das-haus","status":"publish","type":"page","link":"https:\/\/casa-colloro.de\/index.php\/das-haus\/","title":{"rendered":"Das Haus \u2026"},"content":{"rendered":"\n<p class=\"has-text-align-center\">Unser Haus liegt im alten Ortskern des \u00d6rtchens Colloro, <br>auf 550 m Meeresh\u00f6he hoch oberhalb der Gemeinde <br>Premosello im Val-Dossola. Colloro ist ein kleiner ruhiger Ort <br>mit ca. 150 Einwohnern und einem Circolo mit einem <br>kleinen Restaurant.<br>Das Haus wurde urspr\u00fcnglich um die Jahrhundertwende <br>(1900) gebaut und besteht eigentlich aus zwei H\u00e4usern, <br>die durch das Treppenhaus verbunden sind.<br><\/p>\n\n\n\n<div class=\"wp-block-image\"><figure class=\"aligncenter is-resized\"><img loading=\"lazy\" decoding=\"async\" src=\"https:\/\/casa-colloro.de\/wp-content\/uploads\/2019\/03\/Haupthaus-Frontansicht_Internet.jpg\" alt=\"\" class=\"wp-image-158\" width=\"595\" height=\"595\" srcset=\"https:\/\/casa-colloro.de\/wp-content\/uploads\/2019\/03\/Haupthaus-Frontansicht_Internet.jpg 480w, https:\/\/casa-colloro.de\/wp-content\/uploads\/2019\/03\/Haupthaus-Frontansicht_Internet-150x150.jpg 150w, https:\/\/casa-colloro.de\/wp-content\/uploads\/2019\/03\/Haupthaus-Frontansicht_Internet-300x300.jpg 300w\" sizes=\"auto, (max-width: 595px) 100vw, 595px\" \/><\/figure><\/div>\n\n\n\n<p class=\"has-text-align-center\"><br>Das Geb\u00e4ude wurde im Laufe der Jahre modernisiert: <br>T\u00fcren und Fenster sind mit Isolierglas ausgestattet, und alle <br>R\u00e4ume \u00fcber eine Zentralheizung beheizbar.<br>Es gibt zwei B\u00e4der mit jeweils einer Dusche, Waschbecken <br>und Toilette.<br>In der ger\u00e4umigen K\u00fcche hat es alles, was man zum <br>Kochen und Essen braucht: einen modernen Gasherd, <br>einen K\u00fchlschrank und eine Sp\u00fclmaschine und nat\u00fcrlich einen <br>gro\u00dfen Tisch, an dem alle Platz finden. <\/p>\n\n\n\n<p class=\"has-text-align-center\">Im neuen Wohnbereich, an dem gro\u00dfen Kamin (sichtbares Feuer) k\u00f6nnen von <br>2 bis 8 Personen gem\u00fctliche Abende verbringen. <\/p>\n\n\n\n<p class=\"has-text-align-center\">Speziell in den \u00dcbergangsmonaten und auch im Winter<\/p>\n\n\n\n<p class=\"has-text-align-center\">erschafft der brennende Kamin Behaglichkeit.<br><\/p>\n\n\n\n<div class=\"wp-block-image\"><figure class=\"aligncenter\"><img loading=\"lazy\" decoding=\"async\" width=\"640\" height=\"480\" src=\"https:\/\/casa-colloro.de\/wp-content\/uploads\/2019\/03\/Vorgarten.jpg\" alt=\"\" class=\"wp-image-37\" srcset=\"https:\/\/casa-colloro.de\/wp-content\/uploads\/2019\/03\/Vorgarten.jpg 640w, https:\/\/casa-colloro.de\/wp-content\/uploads\/2019\/03\/Vorgarten-300x225.jpg 300w\" sizes=\"auto, (max-width: 640px) 100vw, 640px\" \/><figcaption>Garten vorm Haus<\/figcaption><\/figure><\/div>\n","protected":false},"excerpt":{"rendered":"<p>Unser Haus liegt im alten Ortskern des \u00d6rtchens Colloro, auf 550 m Meeresh\u00f6he hoch oberhalb der Gemeinde Premosello im Val-Dossola. Colloro ist ein kleiner ruhiger Ort mit ca. 150 Einwohnern und einem Circolo mit einem kleinen Restaurant.Das Haus wurde urspr\u00fcnglich um die Jahrhundertwende (1900) gebaut und besteht eigentlich aus zwei H\u00e4usern, die durch das Treppenhaus [&hellip;]<\/p>\n","protected":false},"author":1,"featured_media":0,"parent":0,"menu_order":0,"comment_status":"closed","ping_status":"closed","template":"page-templates\/page-nosidebars.php","meta":{"footnotes":""},"class_list":["post-91","page","type-page","status-publish","hentry"],"_links":{"self":[{"href":"https:\/\/casa-colloro.de\/index.php\/wp-json\/wp\/v2\/pages\/91","targetHints":{"allow":["GET"]}}],"collection":[{"href":"https:\/\/casa-colloro.de\/index.php\/wp-json\/wp\/v2\/pages"}],"about":[{"href":"https:\/\/casa-colloro.de\/index.php\/wp-json\/wp\/v2\/types\/page"}],"author":[{"embeddable":true,"href":"https:\/\/casa-colloro.de\/index.php\/wp-json\/wp\/v2\/users\/1"}],"replies":[{"embeddable":true,"href":"https:\/\/casa-colloro.de\/index.php\/wp-json\/wp\/v2\/comments?post=91"}],"version-history":[{"count":14,"href":"https:\/\/casa-colloro.de\/index.php\/wp-json\/wp\/v2\/pages\/91\/revisions"}],"predecessor-version":[{"id":378,"href":"https:\/\/casa-colloro.de\/index.php\/wp-json\/wp\/v2\/pages\/91\/revisions\/378"}],"wp:attachment":[{"href":"https:\/\/casa-colloro.de\/index.php\/wp-json\/wp\/v2\/media?parent=91"}],"curies":[{"name":"wp","href":"https:\/\/api.w.org\/{rel}","templated":true}]}}